 common divisor of 248 and 128.
8
What is the highest common divisor of 56375 and 75?
25
What is the highest common divisor of 93366 and 390?
78
What is the greatest common factor of 3 and 77285?
1
What is the highest common divisor of 1870 and 1666?
34
Calculate the highest common factor of 729 and 371061.
729
Calculate the greatest common divisor of 94 and 98606.
94
What is the greatest common divisor of 1425 and 340925?
25
What is the greatest common factor of 54045 and 495?
45
Calculate the greatest common divisor of 545304 and 120.
24
What is the greatest common divisor of 15577 and 333?
37
What is the highest common factor of 140 and 971810?
70
What is the greatest common divisor of 403 and 40404?
13
What is the highest common factor of 18768 and 368?
368
What is the highest common divisor of 322168 and 4312?
616
What is the highest common factor of 125263 and 8752?
547
Calculate the highest common factor of 56 and 434.
14
Calculate the greatest common divisor of 6083 and 45899.
553
Calculate the highest common factor of 2698 and 2109.
19
Calculate the highest common divisor of 3366 and 13761.
99
Calculate the highest common factor of 170380 and 4340.
140
Calculate the greatest common factor of 163863 and 567.
567
Calculate the highest common divisor of 1771 and 385.
77
Calculate the greatest common factor of 5877 and 81.
9
What is the highest common divisor of 539 and 5874?
11
Calculate the greatest common factor of 396306 and 164.
82
What is the highest common factor of 8 and 27244?
4
What is the highest common factor of 21409 and 1896?
79
Calculate the greatest common factor of 9130 and 130.
10
What is the greatest common divisor of 21 and 3858?
3
What is the greatest common divisor of 124 and 870?
2
Calculate the greatest common factor of 700 and 1676.
4
What is the highest common factor of 23446 and 4294?
38
What is the greatest common divisor of 4965 and 2715?
15
What is the greatest common factor of 3287 and 15051?
173
Calculate the greatest common factor of 117 and 166959.
117
What is the highest common factor of 407 and 3300?
11
Calculate the highest common factor of 84 and 4886742.
42
What is the greatest common factor of 1062 and 29286?
18
Calculate the greatest common factor of 103 and 148217.
103
What is the highest common factor of 1380 and 7107?
69
Calculate the greatest common factor of 1245465 and 55.
5
What is the greatest common factor of 301 and 203777?
301
What is the greatest common factor of 336420 and 40?
20
Calculate the greatest common factor of 423093 and 66.
33
What is the highest common factor of 115423 and 1925?
77
What is the highest common factor of 16077 and 5888?
23
Calculate the greatest common divisor of 2979420 and 230.
230
What is the highest common factor of 675 and 627075?
675
Calculate the highest common divisor of 99 and 58465.
11
Calculate the highest common factor of 270165 and 2324.
581
What is the highest common divisor of 315 and 63405?
45
What is the highest common divisor of 4960 and 15252?
124
Calculate the greatest common divisor of 964 and 72.
4
Calculate the highest common factor of 66828 and 12.
12
What is the highest common divisor of 151506 and 117?
9
Calculate the highest common factor of 224 and 14280.
56
Calculate the highest common divisor of 634581 and 513.
513
What is the greatest common factor of 10887 and 608?
19
Calculate the highest common factor of 16835 and 6965.
35
Calculate the highest common divisor of 45 and 946565.
5
Calculate the greatest common divisor of 6323 and 1.
1
Calculate the highest common factor of 408 and 107372.
68
Calculate the greatest common divisor of 18 and 1271979.
9
Calculate the highest common factor of 6800 and 5360.
80
Calculate the highest common factor of 1524567 and 165.
33
Calculate the greatest common factor of 15 and 3960045.
15
Calculate the highest common factor of 18 and 153702.
18
Calculate the highest common divisor of 99769 and 4465.
19
Calculate the greatest common divisor of 52 and 103948.
52
Calculate the greatest common factor of 80101 and 63.
7
What is the greatest common factor of 89 and 155483?
89
What is the greatest common factor of 25 and 1825?
25
What is the greatest common divisor of 630 and 1015?
35
Calculate the greatest common divisor of 3730 and 1540.
10
Calculate the highest common divisor of 196651 and 1001.
91
Calculate the highest common factor of 4700 and 800.
100
Calculate the highest common factor of 798 and 14896.
266
What is the greatest common divisor of 264 and 11028?
12
What is the highest common divisor of 1359488 and 494?
494
Calculate the highest common divisor of 1656 and 47104.
184
What is the greatest common divisor of 11394 and 54?
54
Calculate the highest common factor of 58395 and 153.
51
What is the highest common divisor of 2713840 and 80?
80
Calculate the greatest common factor of 330 and 1518165.
165
Calculate the greatest common factor of 626385 and 135.
15
What is the greatest common factor of 88 and 25736?
8
What is the greatest common divisor of 141250 and 452?
226
What is the highest common divisor of 33 and 363000?
33
What is the greatest common divisor of 470 and 61805?
235
What is the highest common divisor of 176 and 274516?
44
What is the greatest common factor of 21771 and 12744?
531
What is the greatest common factor of 1002 and 1014?
6
Calculate the highest common divisor of 379 and 377863.
379
What is the greatest common divisor of 530 and 2399575?
265
What is the greatest common factor of 132262 and 52?
26
Calculate the greatest common factor of 859560 and 456.
456
What is the greatest common factor of 107506 and 574?
14
What is the greatest common divisor of 25489 and 2513?
359
What is the highest common divisor of 405 and 17280?
135
What is the highest common divisor of 120 and 1704?
24
Calculate the greatest common divisor of 1196919 and 153.
153
What is the highest common factor of 231267 and 381?
381
What is the highest common divisor of 44428 and 2900?
116
What is the greatest common factor of 288 and 98748?
36
Calculate the greatest common factor of 45 and 20727.
9
Calculate the greatest common divisor of 4178361 and 6996.
1749
Calculate the highest common factor of 2188944 and 96.
48
What is the greatest common divisor of 7997 and 803?
11
What is the greatest common divisor of 153 and 189363?
51
What is the highest common factor of 11 and 647845?
11
What is the highest common divisor of 462 and 448206?
66
Calculate the greatest common factor of 924 and 249711.
231
What is the highest common divisor of 623 and 8188?
89
What is the greatest common factor of 411 and 54937?
137
Calculate the greatest common divisor of 232744 and 1880.
376
What is the greatest common divisor of 602 and 1264888?
86
What is the highest common factor of 1017831 and 471?
471
Calculate the greatest common divisor of 304 and 32192.
16
Calculate the highest common divisor of 43788 and 1958.
178
What is the greatest common divisor of 76 and 58204?
4
Calculate the greatest common divisor of 36 and 271494.
18
Calculate the greatest common factor of 5511 and 21543.
501
Calculate the greatest common divisor of 151126 and 410.
82
Calculate the highest common factor of 9378273 and 1194.
597
Calculate the greatest common factor of 102280 and 400.
40
What is the greatest common factor of 9140 and 75?
5
Calculate the greatest common divisor of 177 and 151748.
59
What is the highest common divisor of 26925 and 14325?
75
What is the greatest common factor of 70110 and 270?
90
What is the greatest common divisor of 19396 and 156?
52
Calculate the highest common factor of 17 and 1998.
1
What is the greatest common factor of 790 and 137855?
395
Calculate the greatest common factor of 2530 and 64285.
115
What is the greatest common divisor of 469 and 338015?
67
What is the highest common divisor of 1336 and 185036?
668
What is the highest common factor of 5691 and 462?
21
Calculate the highest common factor of 9139 and 8607.
19
What is the highest common divisor of 5 and 6660?
5
What is the highest common factor of 1435 and 7910?
35
What is the highest common divisor of 46674 and 36?
18
What is the highest common factor of 5978 and 5?
1
Calculate the greatest common divisor of 26733 and 2451.
57
Calculate th